 w(4).
3381
Let c(f) = 2184*f - 9347. Determine c(4).
-611
Let t(k) = -9264*k**2 + 9210*k - 3. What is t(1)?
-57
Let g(d) = -4*d**2 + 14*d + 1067. Give g(21).
-403
Let z(a) = 3*a**3 + 67*a**2 + 313*a - 208. Give z(-15).
47
Let q(c) = -700*c + 20666. Calculate q(30).
-334
Let b(x) = 8680*x + 104115. Determine b(-12).
-45
Let h(b) = -b**2 - 34*b + 3754. Calculate h(56).
-1286
Let c(p) = p**2 - 18*p - 1404. Give c(-29).
-41
Let h(s) = 2548*s - 695603. Give h(273).
1
Let o(i) = -4*i**3 - 176*i**2 - 1787*i + 167. What is o(-28)?
27
Let j(p) = -2*p**3 - 81*p**2 + 927*p + 36185. What is j(-40)?
-2495
Let z(q) = 515771*q + 1031545. What is z(-2)?
3
Let x(h) = h**3 - 23*h**2 + 7*h + 37. What is x(22)?
-293
Let i(v) = v**3 + 3*v**2 + 18*v + 112. Give i(-4).
24
Let l(r) = 22343*r - 111547. Calculate l(5).
168
Let u(l) = -3127*l - 75005. Give u(-24).
43
Let s(a) = -27*a**2 + 262*a - 3712. Give s(12).
-4456
Let z(v) = v**3 + 18*v**2 - 27*v - 1074. Give z(-11).
70
Let x(s) = -s**3 + 67*s**2 + 13*s - 1042. Give x(0).
-1042
Let x(t) = t**3 - 3*t**2 - 2*t - 10. What is x(-2)?
-26
Let k(u) = 2*u**2 - 594*u - 115222. Determine k(-133).
-842
Let m(h) = 12*h**2 + 106*h - 280. What is m(-14)?
588
Let l(z) = -1096*z - 580856. What is l(-530)?
24
Let t(x) = 15713*x - 219967. Give t(14).
15
Let v(z) = -2*z**2 - 295*z + 7908. What is v(25)?
-717
Let n(u) = 22*u**3 + 302*u**2 - 83*u - 45. Calculate n(-14).
-59
Let n(k) = -458*k - 6411. Calculate n(-14).
1
Let x(h) = -1140786*h - 20534143. What is x(-18)?
5
Let b(j) = -2317*j + 60150. Determine b(26).
-92
Let i(k) = 9*k**3 + 25*k**2 + 244*k + 239. Calculate i(-8).
-4721
Let m(g) = -g**3 - 113*g**2 - 204*g + 2001. Calculate m(-111).
3
Let y(l) = -1566*l + 2862. Give y(2).
-270
Let r(v) = 124658*v + 373717. Calculate r(-3).
-257
Let h(d) = 87555*d - 787984. Determine h(9).
11
Let r(d) = -4*d**3 + 42*d**2 - 235*d + 1670. Determine r(9).
41
Let f(i) = -140*i**2 + 69*i + 138. Determine f(-2).
-560
Let c(p) = 12*p**2 - 2539*p + 1481. Calculate c(211).
4
Let o(n) = n**3 - 175*n**2 + 649*n - 52415. Determine o(173).
4
Let r(t) = 25041*t + 125101. Determine r(-5).
-104
Let y(c) = 24304*c - 218748. What is y(9)?
-12
Let q(y) = -y**3 - 21*y**2 - 49*y. Give q(-11).
-671
Let n(q) = -29575*q - 354904. What is n(-12)?
-4
Let x(n) = -35518*n - 2876930. Calculate x(-81).
28
Let t(s) = -5*s**2 - 743*s - 12331. Give t(-19).
-19
Let h(l) = 28*l**3 - 697*l**2 - 89*l + 199. Determine h(25).
-151
Let s(m) = 5767*m + 344332. Calculate s(-60).
-1688
Let h(i) = -1448*i - 42012. What is h(-29)?
-20
Let i(o) = 4*o**2 - 526*o + 6559. Determine i(14).
-21
Let a(p) = -386*p**2 + 2361*p - 251. Give a(6).
19
Let q(i) = 753*i + 105404. What is q(-140)?
-16
Let c(p) = p**3 + 232*p**2 - 5535*p - 1161. Calculate c(22).
5
Let f(a) = -101026*a + 101195. Determine f(1).
169
Let b(d) = -484*d - 114716. Calculate b(-237).
-8
Let a(j) = 1059*j - 587. Calculate a(1).
472
Let d(u) = u**3 + 66*u**2 + 917*u + 716. Give d(-47).
-412
Let l(f) = 12*f**3 + 6*f**2 - 72*f - 325. Calculate l(-6).
-2269
Let o(x) = -25*x**2 + 447*x + 2267. Determine o(-5).
-593
Let o(q) = -4*q**3 - 115*q**2 - 188*q + 22. Calculate o(-27).
-5
Let k(i) = -256801*i + 4879210. Give k(19).
-9
Let y(o) = 1034*o**2 + 60*o - 28. Calculate y(-1).
946
Let o(y) = y**3 + 32*y**2 - 63*y - 268. Calculate o(-33).
722
Let q(o) = -107*o**2 - 989*o + 7101. Determine q(-14).
-25
Let a(m) = -m**3 + 104*m**2 - 1598*m - 331. Determine a(19).
-8
Let l(a) = -14*a**2 - 875*a + 366. What is l(-63)?
-75
Let o(k) = k**3 + 1124*k**2 + 313142*k + 1016. Determine o(-510).
-4
Let y(b) = -2*b**3 + 205*b**2 - 30*b - 27584. Calculate y(101).
-11
Let o(z) = z**3 - 320*z**2 + 308*z + 3436. What is o(319)?
-73
Let g(w) = -9306*w - 2866246. Give g(-308).
2
Let u(w) = -392249*w - 7060484. Calculate u(-18).
-2
Let m(k) = 4553*k - 1174675. Determine m(258).
-1
Let q(n) = 1129*n + 95945. Calculate q(-85).
-20
Let b(p) = -41171*p + 6916719. Calculate b(168).
-9
Let g(q) = 21*q**2 - 487*q + 81. Give g(23).
-11
Let k(h) = h**2 - 2702*h + 56290. What is k(21)?
-11
Let x(n) = -5942*n + 623925. Determine x(105).
15
Let b(z) = -z**3 + 443*z**2 - 16114*z + 242. Calculate b(40).
482
Let j(z) = 14*z**2 - 4767*z - 14421. Calculate j(-3).
6
Let v(q) = 54*q**2 + 238*q - 970. What is v(-7)?
10
Let y(j) = 5*j**2 - 334*j - 15183. Give y(-31).
-24
Let s(q) = q**2 - 671*q + 108012. Calculate s(268).
8
Let p(o) = 164*o**2 + 103*o - 284. What is p(3)?
1501
Let b(g) = 682*g - 7832. What is b(12)?
352
Let t(q) = -17*q**2 + 37*q + 159. Calculate t(8).
-633
Let y(f) = -133031*f + 2660614. Determine y(20).
-6
Let q(b) = 5*b**2 + 751*b + 863. What is q(-149)?
-31
Let w(a) = 3*a**2 - 124*a + 1114. Calculate w(26).
-82
Let x(f) = 218733*f - 656199. Give x(3).
0
Let o(r) = -6*r**3 - 156*r**2 + 1270*r + 33034. What is o(-26)?
14
Let f(h) = -19*h**2 + 24*h + 195. Give f(6).
-345
Let v(c) = 1725*c - 93148. What is v(55)?
1727
Let g(k) = 2*k**3 - 2*k**2 - 56*k - 94. Calculate g(-3).
2
Let i(t) = 52200*t - 13415393. What is i(257)?
7
Let w(r) = -r**3 - 60*r**2 - 196*r - 4646. Determine w(-58).
-6
Let y(j) = j**3 + 144*j**2 - 2056*j - 1073. Determine y(-157).
1282
Let y(o) = -o**3 + 23*o**2 - 127*o + 27. Determine y(18).
-639
Let v(m) = 68*m - 750. Calculate v(-3).
-954
Let v(r) = 4*r**2 + 155*r - 1609. Give v(-47).
-58
Let p(j) = j**3 - 127*j**2 + 1093*j + 9010. Give p(117).
1
Let n(j) = -j**3 - 15*j**2 + 641*j + 9644. Determine n(-15).
29
Let r(w) = -w**3 + 150*w**2 - 3485*w - 143. Give r(29).
553
Let s(l) = -129*l**3 + 1674*l**2 + 50*l - 49. Calculate s(13).
94
Let w(s) = -s**2 - 25546*s - 178759. Give w(-7).
14
Let y(u) = -62*u**2 - 3301*u - 13152. Give y(-4).
-940
Let r(u) = 13*u**2 - 1275*u + 23688. Determine r(20).
3388
Let l(c) = 2*c**3 + 39*c**2 + 71*c + 830. Calculate l(-18).
524
Let q(c) = -7347*c - 367306. Give q(-50).
44
Let v(g) = 13*g**3 + 82*g**2 - 220*g + 15. What is v(2)?
7
Let z(m) = -3*m**2 - 140*m + 452. Give z(-35).
1677
Let m(n) = n**3 - 1228*n**2 + 287594*n + 290. Give m(315).
-25
Let g(l) = 1512*l**2 - 1055*l - 1048. Determine g(-1).
1519
Let w(z) = 3*z**2 + 1138*z + 6671. Give w(-6).
-49
Let p(a) = 19068*a - 10125085. What is p(531)?
23
Let h(k) = -17477*k + 891331. Determine h(51).
4
Let t(r) = -263*r**2 - 28406*r - 216. Give t(-108).
0
Let x(p) = 14699*p - 44103. Give x(3).
-6
Let v(i) = 149*i + 31299. Calculate v(-213).
-438
Let q(o) = 74*o**2 - 4390*o - 29. Calculate q(59).
-1445
Let t(g) = 14911*g - 283439. What is t(19)?
-130
Let b(j) = 68*j**2 - 400*j - 43. Determine b(5).
-343
Let x(b) = -5*b**3 - 47*b**2 - 6*b + 24. Give x(-9).
-84
Let o(k) = -4*k**2 - 185*k - 2035. Calculate o(-28).
9
Let b(f) = 60*f**2 - 750*f + 658. Determine b(12).
298
Let y(t) = 43*t**2 + 31*t - 285. Determine y(-7).
1605
Let b(k) = 590*k - 545. Determine b(1).
45
Let s(k) = 58209*k - 873125. What is s(15)?
10
Let n(l) = l**3 + 23*l**2 + 201*l + 2810. Give n(-20).
-10
Let t(r) = 34*r**2 - 250*r + 745. Give t(3).
301
Let p(q) = -26132*q + 6. Give p(0).
6
Let a(q) = 8*q**2 - 2434*q + 17378. Give a(297).
152
Let a(o) = 2*o**2 - 37*o + 49. Calculate a(13).
-94
Let g(s) = -3359*s - 7722. Determine g(-3).
2355
Let s(n) = -11*n**2 - 151*n + 1086. Calculate s(7).
-510
Let z(y) = 545*y + 28764. Calculate z(-50).
1514
Let s(h) = 401284*h - 802662. Calculate s(2).
-94
Let h(x) = 12*x**2 - 957*x + 2438. Determine h(77).
-103
Let v(o) = -o**3 - 279*o**2 - 680*o - 34904. Give v(-277).
-2
Let d(x) = 11*x**2 + 147*x + 313. What is d(-12)?
133
Let u(v) = -6*v**3 + 2588*v**2 - 789*v - 31473. Determine u(431).
-10
Let j(u) = -u**3 + 139*u**2 - 1268*u - 1551. Give j(11).
-11
Let z(c) = 1139*c + 1002307. What is z(-880)?
-13
Let g(j) = 24494*j + 416329. Determine g(-17).
-69
Let l(n) = 26*n**2 + 3650*n - 29297. Give l(-148).
7
Let p(g) = 3*g**3 - 3*g**2 - 931*g + 1709. Calculate p(-18).
-1
Let w(q) = -2*q**2 - 1496*q - 141396. What is w(-111)?
18
Let y(o) = 104661*o + 1674575. Give y(-16).
-1
Let h(b) = 2*b**3 + 48*b**2 + 189*b - 41. Give h(-15).
1174
Let c(b) = 1203*b - 114236. Calculate c(95).
49
Let r(o) = -2*o**3 + 266*o**2 + 3793*o + 415. Determine r(146).
-23
Let b(l) = 6*l**2 - 107*l + 1254. What is b(11)?
803
Let c(a) = 12*a**2 + 551*a - 545. Give c(-48).
655
Let z(n) = 